 18?
17
Let d(x) = -219*x + 3. Let g = 120 + -104. What is the remainder when d(-1) is divided by g?
14
Let v be (-1 - 0) + (-2 - 7). Let i = v + 19. Suppose i + 1 = j. Calculate the remainder when 18 is divided by j.
8
Let m(u) = -u**3 - 3*u**2 + 6*u + 5. Let i be m(-4). Let x = 42 + -18. Calculate the remainder when -1 + (92 - i/1) is divided by x.
22
Let v be ((-2)/(-6))/((-2)/(-6)). Let l = -5 + v. Let h = 43 + l. Calculate the remainder when h is divided by 10.
9
Suppose -124 = -19*q + 237. Calculate the remainder when q is divided by (12/10)/(6/40).
3
Suppose 0 = -4*t + 19*a - 22*a + 812, -t + 203 = 4*a. What is the remainder when t is divided by 57?
32
Let g(r) = r**2 + 6*r - 1. Let m be g(-7). Suppose -m*d - d = -84. Calculate the remainder when 20 is divided by d.
8
Suppose 0*p = 10*p - 20. Suppose 5*k - 398 = -2*f, 2*k + 5*f - 315 = -p*k. Calculate the remainder when k is divided by 17.
12
Let p(n) = n**3 + 47*n**2 + 45*n + 42. What is the remainder when p(-46) is divided by 33?
22
Let r be ((-15)/20 - 2/8) + 63. Let g = r - -28. Calculate the remainder when g is divided by 16.
10
Let c = 121 + -85. Suppose -3*g - y = -5*g + c, 5*g - 5*y = 85. What is the remainder when 72 is divided by g?
15
Suppose 0 = 3*h - 4*t - 13, -7*h + 12*h - 4*t = 27. Calculate the remainder when h is divided by 2.
1
Suppose 2*x = -3*x + 40. What is the remainder when 8 is divided by x?
0
Suppose 3*k + 39 = 3*y, -5*y - 3*k = -k - 79. Suppose -2*v = -v - y. Calculate the remainder when v is divided by 3.
0
Suppose 32 = -3*b - 1. Let p = -24 - b. Let i = 21 + p. Calculate the remainder when i is divided by 5.
3
Let n(p) = 3*p + p - p. Let r = 7 + 0. Calculate the remainder when n(6) is divided by r.
4
Suppose 19*m - 12*m + 385 = 0. Let j = -48 - m. Calculate the remainder when 11 is divided by j.
4
Suppose 5*n + 175 = 5*m, -2*m + 2*n + 58 = 4*n. Calculate the remainder when 61 is divided by m.
29
Suppose p - 11 = 4*y + 12, -p - y = -13. Let c = -4 + 8. Suppose 24 = c*j - 2*i + i, -6 = -j - 5*i. Calculate the remainder when p is divided by j.
3
Let g(o) = 6*o + 317. What is the remainder when g(-19) is divided by 17?
16
Let b = -65 + 67. Let g = 22 + 47. Calculate the remainder when g is divided by 1*b - (-5 + -11).
15
Let n = -1075 - -1101. Calculate the remainder when 66 is divided by n.
14
Suppose 595 + 217 = 58*p. What is the remainder when (5/(-5))/((-1)/55) is divided by p?
13
Suppose 272 = 4*r - 2*h, -4*r + 461 = -4*h + 185. Suppose 3*o - 2*a - 244 = -149, -5*o + 170 = -a. Calculate the remainder when r is divided by o.
32
Suppose 3*h = 3*m + 282, -46 = -h - 2*m + 51. Suppose 0 = -28*g + 42*g - 644. Let o = h - g. What is the remainder when o is divided by 26?
23
Suppose p + 5*w + 12 = 0, 0*p = -3*p - 5*w - 6. Suppose 0 = 3*d - 3 - 9. Let f(u) = -u**2 + 6*u - 5. Calculate the remainder when f(d) is divided by p.
0
Let v = 444 + -415. What is the remainder when 39 is divided by v?
10
Suppose 3*m = -3*l + 6, 53*m - 52*m = -5*l + 2. Suppose -j = -2*j - 5*p - 13, 5 = -5*p. Let o(v) = -v + 1. What is the remainder when o(j) is divided by m?
1
Suppose s = -5*w - 21 + 9, 5*w = 2*s - 21. Suppose 5*c - u = -3*u + 221, s*u + 120 = 3*c. What is the remainder when c is divided by 15?
13
Let n = 10328 - 10306. Let c = 20 - 10. Let q = -4 + c. What is the remainder when n is divided by q?
4
Let h = 24 - 16. What is the remainder when 79/2*(h + -6) is divided by 20?
19
Suppose -2*x = 37*x - 585. Let d(j) = j + 4. Let y be d(0). Let i(l) = 15*l - 1. What is the remainder when i(y) is divided by x?
14
Suppose -2*y + 47 = 2*g - 91, -2*g = 6. Calculate the remainder when 81 is divided by y.
9
Let p(f) = f**2 + f + 12. Suppose -6*y + 5*y + 26 = 0. What is the remainder when p(-10) is divided by y?
24
Let l be (2 - 15/6)*(-8 + 0). Suppose -m = 5*c - 4*m - 155, -l*c - 4*m = -92. What is the remainder when c is divided by 16?
12
Let y(q) = 2*q**3 - 2*q**2 + 2 - q**3 + 5*q - 2*q + 0*q**2. What is the remainder when 22 is divided by y(2)?
6
Let v(r) = -r**2 - 55*r - 652. Suppose -3*x - 2*x + g + 43 = 0, 5*g = -4*x + 17. What is the remainder when v(-18) is divided by x?
6
Suppose 0 = -11*j + 16*j - 1300. Suppose 2*i - 4*n = 118, 0 = 5*i - 6*n + 3*n - j. What is the remainder when i is divided by 25?
24
Let a = 114 - 84. What is the remainder when 205 is divided by a?
25
Let s(y) = y**2 - 9*y - 65. Calculate the remainder when 85 is divided by s(15).
10
Let x = -81 + 87. Suppose 0*i + 36 = x*i. What is the remainder when 17 is divided by i?
5
Calculate the remainder when 201 is divided by 7*33/(165/50).
61
Let k(q) = -q + 3. Let g be 35 + 0 - (0 - 2). Suppose 0 = -5*l - g + 7. Calculate the remainder when 24 is divided by k(l).
6
Suppose -4*h + 992 = 4*o, -17 = -o - 13. Calculate the remainder when h is divided by 6.
4
Let i = 6 - 2. Suppose -2*h - 2 = -i*f, h + 4*f = -2 + 19. Suppose 5*p - 90 = -0*p + 4*s, -2*p + h*s = -36. Calculate the remainder when p is divided by 10.
8
Let j be 1/(-3)*(5 + -14). Suppose 4*c = -2*b + 550, -4*b - b + j*c + 1323 = 0. Calculate the remainder when 20 is divided by 2/13 + b/39.
6
Suppose 0 = 32*j - 61*j + 1943. What is the remainder when j is divided by 19?
10
Let o = 698 - 690. Calculate the remainder when 81 is divided by o.
1
Suppose -72 = -4*s + 3*t, 88 = 3*s + t + 34. What is the remainder when 107 is divided by s?
17
Let n(f) = -3*f - 1. Let o = 3 + -9. Calculate the remainder when -4*4*(-16 + 14) is divided by n(o).
15
Let l = -529 + 715. Calculate the remainder when l is divided by 19.
15
Suppose -6*z + 77 = 11. Let o = z - -4. Suppose -3*v + 24 = 2*n, 0 = -2*n - 2*n - 3*v + 42. Calculate the remainder when o is divided by n.
6
Let t = 12 + 21. Let x = t + -25. What is the remainder when 30 is divided by x?
6
Let w(j) = -4*j**2 + j - 1. Let p(k) = -k**3 - 9*k**2 - 7*k + 9. Let u be p(-8). Let m be w(u). Calculate the remainder when 2030/50 - m/10 is divided by 22.
19
Suppose -4 - 83 = -3*x. What is the remainder when 10 + -4 + -14 - -181 is divided by x?
28
Suppose 27*l + 136 = 31*l. Let t = -20 - -38. What is the remainder when l is divided by t?
16
Suppose 60*z - 216 = 51*z. Calculate the remainder when 117 is divided by z.
21
Let x(z) = -z**2 - 22*z + 91. Calculate the remainder when 346 is divided by x(-25).
10
Let w(q) = q**2 - 13*q - 104. Calculate the remainder when 132 is divided by w(-8).
4
Let p = 433 + -335. Let g(u) = u**3 + 5*u**2 - 7*u + 2. Let y be g(-5). Suppose 4*h = y + 63. What is the remainder when p is divided by h?
23
Suppose 5*p + m - 194 + 9 = 0, 4*p = -m + 148. Suppose 0 = -6*w + 2*w + 76. Calculate the remainder when p is divided by w.
18
Suppose 3*b = 2*b - 3. Let j(c) = -c**3 - 3*c**2 + 2. Let d(q) = 2*q**2 + 54*q + 3. What is the remainder when d(-27) is divided by j(b)?
1
Let m(s) = -s**2 - 8*s + 6. Let q = 15 + -21. Let p be m(q). Suppose -4*t + 126 = p. Calculate the remainder when 53 is divided by t.
26
Let w(b) = -12*b**2 - 216*b - 35. Calculate the remainder when w(-16) is divided by 71.
65
Let q(w) = 6*w**2 + 18*w - 51. What is the remainder when q(9) is divided by 23?
22
Let y(x) = -x**2 - x + 2. Let u be y(-2). Suppose u*t + t - 9 = 0. Calculate the remainder when -14 + 130/10 + (0 + -32)/(-2) is divided by t.
6
Suppose 3 = 3*g + 6. Calculate the remainder when 23 is divided by 28*(-5)/(-80)*(g + 5).
2
Suppose 3*p + 0*p = 12. Let d(z) = z**2 + 25*z - 50. What is the remainder when p is divided by d(2)?
0
Let v = -374 - -376. What is the remainder when 143 is divided by v?
1
Let l be ((-7)/2)/((-3)/6). Let u = -14 + l. Let x = u + 10. Calculate the remainder when 8 is divided by x.
2
Let y = -87 + 100. What is the remainder when 502 is divided by y?
8
Let b(n) = -312*n + 95. Calculate the remainder when b(-5) is divided by 9.
8
Let p be 2*(-30)/9*(-30)/(-4). Calculate the remainder when (p/(-4) + 5)*12/5 is divided by 15.
12
Let m be 2/2 - (-1 - -84). Let r = m - -134. What is the remainder when r is divided by 21?
10
Let c(q) = q + 8. Calculate the remainder when 64/(-10) + 6 + 194/10 is divided by c(7).
4
Let h(n) = -13*n + 124. Calculate the remainder when 120 is divided by h(7).
21
Suppose 0 = -4*q - 5*j + 16, 3*q + 7 = -3*j + 19. Suppose -q*v = -52 - 20. Calculate the remainder when 71 is div